e 5.
12303
What is -67054 (base 9) in base 16?
-ade6
14bc (base 13) to base 7
11554
-10022222 (base 3) to base 2
-100101111101
Convert 168 (base 11) to base 12.
143
What is 2126 (base 8) in base 6?
5050
Convert 3232 (base 5) to base 11.
372
-1632 (base 8) to base 4
-32122
-182b8 (base 12) to base 2
-1000100010101100
b330 (base 12) to base 3
222201100
What is -409 (base 13) in base 15?
-30a
-25840 (base 9) to base 12
-a123
571 (base 12) to base 6
3421
What is -30220 (base 4) in base 14?
-41a
-b8 (base 13) to base 12
-107
What is -36301 (base 7) in base 6?
-111321
-57d (base 14) to base 7
-3116
Convert -22105 (base 6) to base 15.
-d95
What is 263 (base 12) in base 10?
363
-31132 (base 4) to base 13
-514
Convert -3973 (base 11) to base 5.
-131122
Convert -7322 (base 8) to base 6.
-25322
What is -9512 (base 16) in base 15?
-b492
Convert 16123 (base 10) to base 5.
1003443
Convert -24735 (base 8) to base 10.
-10717
Convert -571 (base 15) to base 14.
-63d
Convert -32421 (base 5) to base 12.
-1364
-1110101 (base 2) to base 15
-7c
111010 (base 3) to base 11
2a2
What is -2878 (base 15) in base 4?
-2013113
-7ac (base 13) to base 10
-1325
What is -101112 (base 3) in base 11?
-239
Convert -268 (base 15) to base 5.
-4143
Convert -1a6 (base 14) to base 16.
-156
Convert -261 (base 13) to base 16.
-1a1
-101001011111 (base 2) to base 13
-1293
What is 1001113 (base 4) in base 12?
2507
What is -407 (base 9) in base 16?
-14b
4b52 (base 14) to base 12
7784
Convert -1013101 (base 4) to base 16.
-11d1
What is 12121 (base 4) in base 14?
213
455 (base 15) to base 3
1100022
Convert -15064 (base 7) to base 16.
-1042
Convert 1c (base 16) to base 2.
11100
What is 1788 (base 10) in base 13?
a77
-4d (base 16) to base 14
-57
-102344 (base 5) to base 6
-24030
3517 (base 14) to base 8
22021
Convert 123002 (base 4) to base 7.
5021
12155 (base 8) to base 16
146d
12420 (base 7) to base 16
ce1
What is -10 (base 5) in base 2?
-101
Convert -1223232 (base 5) to base 4.
-11300033
37154 (base 10) to base 15
b01e
Convert 414334 (base 5) to base 10.
13719
What is 65325 (base 7) in base 12?
9513
What is -21020 (base 3) in base 8?
-303
What is 12665 (base 7) in base 6?
23512
What is 140050 (base 6) in base 8?
31276
-24607 (base 9) to base 2
-100000010010011
What is 622 (base 7) in base 10?
310
Convert 10210 (base 4) to base 5.
2132
Convert -262221 (base 7) to base 9.
-73863
Convert 6 (base 14) to base 5.
11
Convert 2026 (base 16) to base 14.
2ddc
Convert -3ab4 (base 16) to base 2.
-11101010110100
5210 (base 7) to base 4
130130
-1001011101 (base 2) to base 10
-605
Convert -2260 (base 7) to base 10.
-826
Convert 4040 (base 6) to base 11.
738
Convert -656 (base 16) to base 13.
-97a
What is -452 (base 10) in base 5?
-3302
What is -b358 (base 13) in base 4?
-12002223
What is 2242 (base 11) in base 2?
101110000110
1882 (base 11) to base 14
c29
Convert -925 (base 16) to base 11.
-1839
What is -2731 (base 14) in base 2?
-1101011110111
Convert 27495 (base 11) to base 12.
1a817
2411224 (base 5) to base 2
1010111000010100
-388 (base 12) to base 13
-323
Convert 665 (base 8) to base 9.
535
Convert -12021120 (base 3) to base 15.
-1219
What is -764 (base 10) in base 14?
-3c8
Convert -3a4 (base 14) to base 11.
-606
220444 (base 5) to base 7
31141
Convert 32202010 (base 4) to base 6.
1135324
Convert -ab9 (base 15) to base 5.
-34144
What is -3132 (base 16) in base 11?
-950a
-4769 (base 14) to base 10
-12441
1210022 (base 3) to base 15
5be
What is -234314 (base 5) in base 9?
-12846
Convert -6215 (base 7) to base 5.
-32133
11354 (base 6) to base 8
3166
Convert 188 (base 12) to base 6.
1052
Convert 1012212121 (base 3) to base 12.
11a51
Convert 72a (base 14) to base 4.
112002
What is -101443 (base 5) in base 12?
-1b51
What is -3012 (base 10) in base 8?
-5704
-311a (base 14) to base 10
-8452
-440 (base 15) to base 5
-12320
-279 (base 13) to base 10
-438
Convert -219 (base 12) to base 3.
-102110
Convert -1505 (base 13) to base 12.
-191b
Convert 6658 (base 11) to base 4.
2021013
Convert -1220303 (base 4) to base 14.
-2631
-74d (base 16) to base 10
-1869
Convert 12c3 (base 16) to base 10.
4803
146 (base 7) to base 3
10002
-21214 (base 6) to base 11
-2198
Convert a78d (base 15) to base 3.
1210122021
Convert -1007 (base 9) to base 6.
-3224
Convert 4df (base 16) to base 11.
a34
What is 24454 (base 7) in base 6?
45401
10486 (base 13) to base 4
13022203
What is -615 (base 8) in base 7?
-1105
Convert 2402 (base 7) to base 13.
530
What is -110101001 (base 2) in base 7?
-1145
Convert -951 (base 11) to base 9.
-1512
Convert -416 (base 7) to base 5.
-1314
What is -1719 (base 12) in base 8?
-5305
2823 (base 10) to base 7
11142
What is -764 (base 12) in base 9?
-1434
Convert 4bb (base 13) to base 8.
1476
What is -335 (base 11) in base 7?
-1112
283a (base 15) to base 9
12721
208 (base 10) to base 15
dd
-1363 (base 7) to base 14
-2a3
Convert -1776 (base 14) to base 13.
-1bc8
What is -222 (base 9) in base 15?
-c2
Convert -4036 (base 10) to base 5.
-112121
What is -1b5c (base 14) in base 16?
-1376
111111100 (base 2) to base 7
1324
Convert 10829 (base 10) to base 2.
10101001001101
Convert -102021 (base 3) to base 4.
-10300
What is 26257 (base 8) in base 9?
16620
What is -455531 (base 6) in base 7?
-221206
4ee (base 16) to base 14
662
What is -429 (base 14) in base 15?
-39b
Convert 56a (base 15) to base 3.
1200101
Convert -5625 (base 7) to base 6.
-13220
What is -6a63 (base 11) in base 16?
-2431
What is 2720 (base 9) in base 14?
a5d
What is 10441 (base 5) in base 4?
23222
What is -bac0 (base 14) in base 10?
-32312
Convert -110101111 (base 2) to base 12.
-2bb
Convert 662 (base 8) to base 2.
110110010
Convert 12805 (base 9) to base 10.
8672
Convert -21231301 (base 4) to base 7.
-224005
16433 (base 7) to base 16
1247
-815 (base 15) to base 3
-2111102
Convert -12342 (base 5) to base 6.
-4300
Convert -20124 (base 5) to base 12.
-8b5
3338 (base 14) to base 13
4064
Convert 41b2 (base 14) to base 12.
6680
Convert -40707 (base 8) to base 12.
-98b3
13012310 (base 4) to base 16
71b4
Convert -212220120 (base 3) to base 13.
-7c1a
What is 121202121 (base 3) in base 4?
2332330
-346 (base 10) to base 4
-11122
Convert 21124 (base 11) to base 16.
7828
What is 10102211 (base 3) in base 9?
3384
Convert -1021 (base 6) to base 15.
-104
18389 (base 12) to base 16
8919
What is -3201011 (base 4) in base 8?
-34105
Convert 2156 (base 7) to base 9.
1052
17560 (base 9) to base 4
2331123
Convert -11101010 (base 2) to base 7.
-453
Convert 2055 (base 6) to base 4.
13103
397 (base 10) to base 15
1b7
What is -1014512 (base 6) in base 14?
-13c04
Convert 1221100 (base 3) to base 6.
10313
What is -2976 (base 12) in base 10?
-4842
Convert -667 (base 12) to base 15.
-42d
10a0d (base 14) to base 11
28388
Convert 21531 (base 7) to base 16.
1524
What is -55435 (base 8) in base 12?
-115b9
-12241 (base 6) to base 7
-5215
58b2 (base 12) to base 3
111121122
-13450 (base 8) to base 16
-1728
What is -3400 (base 11) in base 6?
-32421
Convert -7d1 (base 14) to base 6.
-11111
What is 5451 (base 6) in base 2?
10011100111
Convert -53636 (base 7) to base 16.
-342b
Convert -68ab (base 12) to base 10.
-11651
What is -686 (base 9) in base 16?
-234
What is -1100000110 (base 2) in base 15?
-369
-30110 (base 6) to base 9
-5346
Convert 790 (base 15) to base 4.
122232
Convert -2b4 (base 15) to base 9.
-757
3332 (base 5) to base 7
1235
323 (base 12) to base 11
388
What is 120133 (base 5) in base 2?
1000101000010
What is -66273 (base 10) in base 3?
-10100220120
-604 (base 16) to base 8
-3004
-216622 (base 7) to base 12
-1a267
What is -432230 (base 5) in base 16?
-3962
3650 (base 10) to base 3
12000012
Convert 10010001110 (base 2) to base 9.
1535
1010220 (base 3) to base 15
3a9
Convert 31351 (base 6) to base 9.
5734
What is -5515 (base 16) in base 12?
-10731
What is 1111100000001101 (base 2) in base 5?
4013001
What is 402012 (base 5) in base 9?
18444
22032 (base 4) to base 13
3b4
Convert -3a5 (base 12) to base 14.
-2bb
What is 10000111111 (base 2) in base 3?
1111021
Convert -1110110001111 (base 2) to base 5.
-220232
What is 3120 (base 12) in base 16?
14e8
-3447 (base 13) to base 12
-42a6
Convert 1a6 (base 12) to base 15.
130
-625 (base 8) to base 15
-1c0
10011100011011 (base 2) to base 8
2343